uppose 3*i - 30 - 21 = u. Suppose i = 2*n + 3. What is the units digit of n?
7
Let b(c) = 336*c + 98. What is the hundreds digit of b(5)?
7
Let w(g) = -12*g**2 - 46*g - 2. Let p be w(-3). Let h(x) = x**2 - 4. Let r be h(-4). What is the units digit of 10*3/(r/p)?
0
What is the hundreds digit of -1*(-9 + -654 + -6)?
6
Suppose 2*n = -2*n + 5*z + 10, -4*z - 8 = 4*n. Suppose 0 = -p - n*p + 2. Suppose t - 98 = -t + p*q, q - 57 = -t. What is the units digit of t?
3
Suppose 2*p = p. Let n = -121 - -126. Suppose -n*t + 3*f + 8 = p, -2*f = -4*t - 6*f. What is the units digit of t?
1
Suppose -n + 87 = -a, 0 = -4*n + n + 4*a + 264. Let g = 181 - n. What is the units digit of g?
7
Let j be 4/(-1) + 7 + 61. Suppose -2*y - j + 338 = 0. What is the hundreds digit of y?
1
Suppose -171 - 159 = -2*a. What is the tens digit of a?
6
Let x(l) = 209*l**2 + 67*l + 3. What is the hundreds digit of x(3)?
0
Suppose -12*r = 1003 - 4699. What is the tens digit of r?
0
Let r(f) = 61*f - 3. Let i be r(-2). Let d = -59 - i. What is the tens digit of d?
6
Let p(t) = -2*t**3 - 4*t**2 + 4*t + 6. Let n be p(-4). Suppose -n = k + k. Let q = k + 38. What is the units digit of q?
1
Let y = -28 + 48. Suppose 0 = 5*u - u - y. Suppose u*i + 26 = 156. What is the units digit of i?
6
Suppose -5*f + 340 = -2*u - u, 0 = -5*f + 4*u + 340. Let j = -61 + f. What is the units digit of j?
7
Let d(y) = -5*y**2 - y + 14. Let u(f) = 3*f**2 - 7. Let p(z) = 4*d(z) + 7*u(z). Let v = 202 + -195. What is the units digit of p(v)?
8
Let o = -141 + 118. Let n(f) = -16*f**2 - 2*f + 1. Let b be n(-2). Let h = o - b. What is the tens digit of h?
3
Let g(n) = n**3 - 5*n**2 + 4*n + 1. Let u be g(4). Suppose -2*c + 10 = 0, 4*a + 2*c - 3*c + u = 0. Suppose v - 6 - a = 0. What is the units digit of v?
7
Let z be 9/(27/(-6)) + 6. Suppose y - z*y + 15 = 0. Suppose y*v - 105 - 120 = 0. What is the units digit of v?
5
Let y(o) = 73*o - 712. What is the thousands digit of y(59)?
3
What is the tens digit of (-74907)/(-116) - (6/8 + -1)?
4
Let m(x) = 4*x**3 - 7*x**2 - 4*x + 4. What is the tens digit of m(5)?
0
Suppose 3*s = -2*o + 1311 + 398, 5*s - o = 2857. What is the tens digit of s?
7
Suppose -2*b + 5*v = -2021, -b + v + 1296 = 278. What is the units digit of b?
3
Let i = 18 + -8. Let k(v) = -v**2. Let x(h) = -h**3 + 15*h**2 + 14. Let n(r) = 5*k(r) + x(r). What is the tens digit of n(i)?
1
Let k(z) = 3*z + 7. Let b be k(-5). Let h = -2 - b. What is the units digit of h?
6
Suppose -5*h + 14 + 11 = 0. Suppose r + h*d = -r + 155, -4*d = -5*r + 404. What is the units digit of r?
0
Suppose 0*y = 3*y - 6, -5*y - 413 = -3*h. Suppose -5*k + 269 = -h. What is the tens digit of k?
8
Let r(j) = 22*j + 12. Let v be r(-8). Let w = v + 283. Suppose -5*b + w = -96. What is the units digit of b?
3
Let u(w) = -w**3 + 28*w**2 - 18*w - 119. Let k be u(27). Suppose 4*a = 4*z - 276, z - 33 - 30 = -a. Let d = k - z. What is the units digit of d?
8
Suppose 12*g = 13*g - 78. Let i = g + -74. What is the units digit of i?
4
Let s be 8/(-40)*(-7 - -12). Let y(j) be the second derivative of -7*j**3/2 + j**2/2 - j. What is the units digit of y(s)?
2
Suppose -4*g - 2*z + 516 = 0, 11*g - 13*g + 5*z + 258 = 0. What is the tens digit of g?
2
Let x(z) be the second derivative of -z**5/20 - z**4 - 13*z**3/6 + z**2 + 4*z. Let u = 19 + -30. What is the units digit of x(u)?
4
Let u be (16/14)/((-5)/(-35)). Suppose 0 = 2*y + u - 6. What is the units digit of (-2 + 1)*-25 + y?
4
Let b = 2146 - 803. What is the thousands digit of b?
1
Suppose 0 = 4*i - 1 - 19. Suppose -i*j = -2*j - 6. Suppose -5*u + 96 = -t, -5*u + j*t + 88 = -t. What is the tens digit of u?
2
Suppose -14*z - 24*z + 34732 = 0. What is the units digit of z?
4
Let x = -44 - -125. Suppose 2*u - 5*u - x = 0. Let t = 30 - u. What is the tens digit of t?
5
Suppose 2*n - 2594 = -2*w, -n = -2*w + 4*w - 2598. What is the tens digit of w?
0
Let b = 871 - 76. What is the tens digit of b?
9
Let n(w) be the second derivative of -4*w**3/3 + 7*w**2/2 + 2*w. Let v(m) = -m**3 + m**2 - m - 3. Let d be v(0). What is the units digit of n(d)?
1
Let s = -17 + 17. Suppose 3*g - g - 214 = s. What is the hundreds digit of g?
1
Let q(m) = -m + 6. Let z be q(-6). Suppose 0*l = 2*l + z. What is the units digit of ((-4)/(-6))/(l/(-126))?
4
Let j be 2/(-6)*(2 - 11). Suppose -j*p + 22 + 59 = 0. What is the units digit of p?
7
Let r(x) = -30*x + 216. What is the hundreds digit of r(-6)?
3
Let k(c) = c + 19. Let q = 38 - 38. What is the units digit of k(q)?
9
Let z(m) = m**3 + 8*m**2 + 3. Suppose -3*i = -d + 17, 0*d + d = -4. Let w be z(i). What is the tens digit of 117/4 - 13/w?
2
Suppose m + 18 = 2*m + 5*q, 3*m + 3*q = 18. Suppose -5*o - 67 = 3*j, -2*o - 48 = m*j + 22. What is the tens digit of (-40)/3*j/10?
3
Let b(v) = 19*v**2 + 3*v. What is the tens digit of b(3)?
8
Suppose 4*r + 2835 = 4*v - r, -4*v - 5*r + 2845 = 0. What is the units digit of v?
0
Let r be 1*-8*(-3)/(-2). Let f = r - -20. Suppose -2*m + f = 4*n - 0*m, 0 = -m - 2. What is the units digit of n?
3
Let q = 2 - -2. Suppose 0*v - 4*k = -2*v + 36, -q*v = -3*k - 72. Suppose -3*a = 5*c - 18 - 11, -2*a + v = 2*c. What is the units digit of a?
8
Let y = -116 + 211. What is the tens digit of y?
9
Let v = 2136 - 864. What is the tens digit of v?
7
Suppose 291 = 8*u - 125. What is the tens digit of 4 - ((-13)/u + (-630)/8)?
8
Suppose -c + 4*y = 23, 5*y + 32 - 3 = -4*c. Suppose -6*k - 135 = -k. Let b = c - k. What is the tens digit of b?
1
Let t = 21 + -11. Let z = 14 - t. Suppose -13 + 49 = z*r. What is the units digit of r?
9
Let i be 3/(15/10) - -31. Suppose -36*k + 57 = -i*k. What is the units digit of k?
9
Suppose -5*b + 3568 = 2*d, -8*b = -5*b + 5*d - 2156. What is the units digit of b?
2
Let t(y) = -y**2 + 12*y - 6. Let f be t(8). Suppose f*c - 23*c = 87. What is the tens digit of c?
2
Let f = 2302 - 180. What is the tens digit of f?
2
Let z(a) = -2*a**2 + 4*a. Let p be z(4). Let o = p + -1. Let w = -7 - o. What is the tens digit of w?
1
Let o(j) = 18 + 25*j - j**2 + 3 + 0*j**2. What is the tens digit of o(22)?
8
Let p(g) be the third derivative of 0*g - 5/12*g**4 - 1/3*g**3 + 0 - 1/60*g**5 - 7*g**2. What is the units digit of p(-6)?
2
Suppose -6 + 62 = -2*o. Let i be 108/1*1/(-2). Let y = o - i. What is the tens digit of y?
2
What is the tens digit of (-3 - -1) + 460/10?
4
Let v = 2603 + -1355. What is the units digit of v?
8
Suppose -g = 3*b + 4*g + 28, 4*g = 3*b - 17. Let m = b + 1. What is the tens digit of (m + 16)*3/2?
2
Suppose 1869 = 52*u - 45*u. What is the units digit of u?
7
Suppose 0 = j + 3*j - 800. Suppose 7*k - 3*k = j. What is the tens digit of k?
5
Let l(s) = 2*s**2 + 3*s + 2. Let w(v) = v**3 + 7*v**2 + 12*v + 7. Let y be w(-5). What is the units digit of l(y)?
1
Let x(r) = -2*r - 1. Let s be x(25). Let a = -37 - s. What is the units digit of a?
4
What is the tens digit of (2/3)/(4/1422)?
3
Suppose 4*o - 607 - 673 = 0. Suppose o = 4*x - 5*d, 4*d - 2*d = 3*x - 240. What is the tens digit of x?
8
Let j(a) = 4*a + 15. Let n be j(-6). Let x(p) = p**3 + 11*p**2 + 11*p - 2. What is the units digit of x(n)?
1
Let u = 118 - -238. What is the units digit of u?
6
Let b(g) be the second derivative of g**4/12 - 4*g**3/3 - 17*g**2/2 + 9*g. What is the tens digit of b(11)?
1
Suppose -k = 1, 5*z - 4865 = -3*k + 5482. What is the thousands digit of z?
2
Let u(l) = l**2 - 13*l - 25. What is the tens digit of u(35)?
4
Suppose -2*t - 3*m = -0*t + 8, -2*t = -3*m - 16. What is the tens digit of (-12)/15*(-95)/t?
3
Suppose -32 = 7*g - 4. Let t be ((-10)/g)/((-14)/(-28)). Suppose t*z = 10*z - 55. What is the tens digit of z?
1
Let w(z) = -4*z**3 - z**2 - z + 2. Let y be w(-2). Suppose -3*f = f - y. Suppose -5*d - 2*u = 2*u - 2, 4*u + f = 0. What is the units digit of d?
2
Suppose -3*j + 2*y = j + 92, 3*y = 5*j + 114. Suppose w - 13 = 5*n, -4*w + n - 6 + 1 = 0. What is the tens digit of -4*w/(j/(-93))?
3
Let f = 505 + -83. What is the units digit of f?
2
Let w = 8 - -5. Let i = -7 + w. What is the tens digit of (-44)/i*(4 - 7)?
2
Let b(q) = -2*q**2 + 2*q + 2. Let r be b(0). What is the units digit of (15/r)/(((-42)/(-7))/12)?
5
Suppose -3*f + 528 + 109 = -4*v, -5*f = -5*v - 800. Let c = -132 - v. What is the units digit of c?
5
What is the tens digit of 3